lculate the remainder when 102067 is divided by 175.
42
Calculate the remainder when 13427 is divided by 502.
375
What is the remainder when 281393 is divided by 486?
485
What is the remainder when 5198 is divided by 231?
116
Calculate the remainder when 3393 is divided by 190.
163
What is the remainder when 21474 is divided by 2681?
26
What is the remainder when 8681 is divided by 4339?
3
What is the remainder when 51990 is divided by 1443?
42
What is the remainder when 313509 is divided by 202?
5
Calculate the remainder when 55555 is divided by 18516.
7
Calculate the remainder when 9660 is divided by 302.
298
What is the remainder when 97214 is divided by 48596?
22
What is the remainder when 10795 is divided by 2675?
95
What is the remainder when 4467 is divided by 4384?
83
What is the remainder when 2441 is divided by 2402?
39
Calculate the remainder when 1054 is divided by 174.
10
What is the remainder when 53464 is divided by 514?
8
What is the remainder when 11962 is divided by 445?
392
Calculate the remainder when 7780 is divided by 173.
168
What is the remainder when 28214 is divided by 1288?
1166
Calculate the remainder when 2637 is divided by 618.
165
What is the remainder when 164003 is divided by 13?
8
Calculate the remainder when 54521 is divided by 15.
11
What is the remainder when 471 is divided by 34?
29
Calculate the remainder when 5272 is divided by 1255.
252
What is the remainder when 51625 is divided by 25741?
143
Calculate the remainder when 5085 is divided by 108.
9
Calculate the remainder when 127812 is divided by 137.
128
What is the remainder when 562 is divided by 249?
64
What is the remainder when 183007 is divided by 91498?
11
Calculate the remainder when 5871 is divided by 733.
7
What is the remainder when 5239 is divided by 2196?
847
What is the remainder when 14205 is divided by 37?
34
Calculate the remainder when 2106 is divided by 203.
76
What is the remainder when 12361 is divided by 51?
19
What is the remainder when 1409483 is divided by 23?
20
Calculate the remainder when 411632 is divided by 619.
616
What is the remainder when 4886 is divided by 52?
50
What is the remainder when 168494 is divided by 17?
7
Calculate the remainder when 7347 is divided by 120.
27
Calculate the remainder when 27856 is divided by 27824.
32
What is the remainder when 716364 is divided by 537?
6
Calculate the remainder when 176539 is divided by 182.
181
Calculate the remainder when 1647 is divided by 66.
63
Calculate the remainder when 694 is divided by 275.
144
What is the remainder when 1135 is divided by 44?
35
Calculate the remainder when 77725 is divided by 56.
53
Calculate the remainder when 12904 is divided by 3175.
204
What is the remainder when 513 is divided by 497?
16
What is the remainder when 14003 is divided by 2777?
118
Calculate the remainder when 2714 is divided by 531.
59
Calculate the remainder when 19713 is divided by 504.
57
What is the remainder when 7038 is divided by 1399?
43
Calculate the remainder when 29065 is divided by 39.
10
What is the remainder when 22029 is divided by 40?
29
What is the remainder when 149909 is divided by 263?
262
What is the remainder when 308 is divided by 123?
62
Calculate the remainder when 25952 is divided by 1234.
38
What is the remainder when 3631 is divided by 35?
26
What is the remainder when 16155 is divided by 500?
155
What is the remainder when 50625 is divided by 1293?
198
Calculate the remainder when 9664 is divided by 743.
5
What is the remainder when 20825 is divided by 32?
25
Calculate the remainder when 192066 is divided by 74.
36
Calculate the remainder when 330898 is divided by 30.
28
What is the remainder when 21125 is divided by 4219?
30
Calculate the remainder when 901 is divided by 147.
19
What is the remainder when 94268 is divided by 248?
28
Calculate the remainder when 129865 is divided by 25966.
35
What is the remainder when 6179 is divided by 1257?
1151
Calculate the remainder when 10079 is divided by 47.
21
Calculate the remainder when 3127 is divided by 87.
82
What is the remainder when 74213 is divided by 14842?
3
What is the remainder when 311345 is divided by 958?
953
What is the remainder when 2371 is divided by 2030?
341
Calculate the remainder when 71943 is divided by 211.
203
Calculate the remainder when 6755 is divided by 1668.
83
Calculate the remainder when 93659 is divided by 6688.
27
What is the remainder when 27967 is divided by 152?
151
Calculate the remainder when 428 is divided by 103.
16
What is the remainder when 1990 is divided by 550?
340
Calculate the remainder when 13854 is divided by 16.
14
What is the remainder when 14722 is divided by 82?
44
Calculate the remainder when 1054831 is divided by 13.
11
Calculate the remainder when 569041 is divided by 284519.
3
What is the remainder when 5693 is divided by 17?
15
What is the remainder when 40720 is divided by 1295?
575
What is the remainder when 73427 is divided by 918?
905
What is the remainder when 410 is divided by 159?
92
What is the remainder when 11990 is divided by 1997?
8
What is the remainder when 33778 is divided by 11249?
31
Calculate the remainder when 8466 is divided by 1385.
156
Calculate the remainder when 3650 is divided by 83.
81
What is the remainder when 2032 is divided by 1010?
12
What is the remainder when 806 is divided by 111?
29
What is the remainder when 368143 is divided by 101?
99
Calculate the remainder when 214354 is divided by 7391.
15
What is the remainder when 76626 is divided by 8494?
180
Calculate the remainder when 487227 is divided by 16.
11
What is the remainder when 2459 is divided by 15?
14
What is the remainder when 1576 is divided by 127?
52
Calculate the remainder when 26536 is divided by 13260.
16
Calculate the remainder when 148 is divided by 73.
2
Calculate the remainder when 361569 is divided by 120518.
15
Calculate the remainder when 336721 is divided by 107.
99
What is the remainder when 1765 is divided by 37?
26
What is the remainder when 132607 is divided by 112?
111
What is the remainder when 3735 is divided by 2502?
1233
Calculate the remainder when 420908 is divided by 21.
5
Calculate the remainder when 241678 is divided by 338.
8
What is the remainder when 60744 is divided by 29?
18
What is the remainder when 15776 is divided by 1481?
966
What is the remainder when 3903 is divided by 972?
15
What is the remainder when 10904 is divided by 3582?
158
Calculate the remainder when 5016 is divided by 82.
14
Calculate the remainder when 22123 is divided by 125.
123
What is the remainder when 13036 is divided by 13?
10
What is the remainder when 123132 is divided by 49?
44
Calculate the remainder when 3721 is divided by 375.
346
Calculate the remainder when 1143 is divided by 944.
199
What is the remainder when 14764 is divided by 361?
324
What is the remainder when 14567 is divided by 88?
47
Calculate the remainder when 96098 is divided by 59.
46
What is the remainder when 36702 is divided by 60?
42
What is the remainder when 77206 is divided by 3853?
146
What is the remainder when 1710 is divided by 246?
234
What is the remainder when 54 is divided by 5?
4
What is the remainder when 84449 is divided by 853?
2
Calculate the remainder when 8775 is divided by 413.
102
Calculate the remainder when 4779575 is divided by 12.
11
What is the remainder when 4980 is divided by 1494?
498
What is the remainder when 12369 is divided by 671?
291
Calculate the remainder when 2288 is divided by 1072.
144
What is the remainder when 100483 is divided by 779?
771
What is the remainder when 6636 is divided by 20?
16
Calculate the remainder when 2957 is divided by 231.
185
Calculate the remainder when 3369 is divided by 476.
37
Calculate the remainder when 211 is divided by 31.
25
Calculate the remainder when 25494 is divided by 61.
57
Calculate the remainder when 7863 is divided by 140.
23
What is the remainder when 49317 is divided by 21?
9
Calculate the remainder when 60300 is divided by 23.
17
Calculate the remainder when 9385 is divided by 665.
75
What is the remainder when 4497 is divided by 1493?
18
Calculate the remainder when 4449 is divided by 296.
9
Calculate the remainder when 2178291 is divided by 49.
45
Calculate the remainder when 223